{"id":65,"date":"2019-07-29T22:44:55","date_gmt":"2019-07-30T01:44:55","guid":{"rendered":"http:\/\/otyxe.cl\/?page_id=65"},"modified":"2023-09-02T20:31:51","modified_gmt":"2023-09-02T23:31:51","slug":"servicios","status":"publish","type":"page","link":"https:\/\/otyxe.cl\/?page_id=65","title":{"rendered":"Servicios"},"content":{"rendered":"\t\t<div data-elementor-type=\"wp-page\" data-elementor-id=\"65\" class=\"elementor elementor-65\">\n\t\t\t\t\t\t<section class=\"elementor-section elementor-top-section elementor-element elementor-element-4b68db65 elementor-section-boxed elementor-section-height-default elementor-section-height-default\" data-id=\"4b68db65\" data-element_type=\"section\">\n\t\t\t\t\t\t<div class=\"elementor-container elementor-column-gap-default\">\n\t\t\t\t\t<div class=\"elementor-column elementor-col-100 elementor-top-column elementor-element elementor-element-7fd6f8f4\" data-id=\"7fd6f8f4\" data-element_type=\"column\">\n\t\t\t<div class=\"elementor-widget-wrap elementor-element-populated\">\n\t\t\t\t\t\t<div class=\"elementor-element elementor-element-318bd0a8 elementor-widget elementor-widget-text-editor\" data-id=\"318bd0a8\" data-element_type=\"widget\" data-widget_type=\"text-editor.default\">\n\t\t\t\t<div class=\"elementor-widget-container\">\n\t\t\t\t\t\t\t\t\t\n<div class=\"wp-block-columns has-3-columns is-layout-flex wp-container-core-columns-layout-2 wp-block-columns-is-layout-flex\">\n<div class=\"wp-block-column is-layout-flow wp-block-column-is-layout-flow\">\n<h2 class=\"wp-block-heading\" style=\"text-align:center\"><\/h2>\n<\/div>\n\n\n\n<div class=\"wp-block-column is-layout-flow wp-block-column-is-layout-flow\">\n<h2 class=\"wp-block-heading\" style=\"text-align:center\"><\/h2>\n\n\n\n<p><\/p>\n<\/div>\n\n\n\n<div class=\"wp-block-column is-layout-flow wp-block-column-is-layout-flow\">\n<h2 class=\"wp-block-heading\" style=\"text-align:center\"><\/h2>\n<\/div>\n<\/div>\n\t\t\t\t\t\t\t\t<\/div>\n\t\t\t\t<\/div>\n\t\t\t\t\t<\/div>\n\t\t<\/div>\n\t\t\t\t\t<\/div>\n\t\t<\/section>\n\t\t\t\t<section class=\"elementor-section elementor-top-section elementor-element elementor-element-ba65d5c elementor-section-boxed elementor-section-height-default elementor-section-height-default\" data-id=\"ba65d5c\" data-element_type=\"section\">\n\t\t\t\t\t\t<div class=\"elementor-container elementor-column-gap-default\">\n\t\t\t\t\t<div class=\"elementor-column elementor-col-50 elementor-top-column elementor-element elementor-element-cce96e8\" data-id=\"cce96e8\" data-element_type=\"column\">\n\t\t\t<div class=\"elementor-widget-wrap elementor-element-populated\">\n\t\t\t\t\t\t<div class=\"elementor-element elementor-element-7c44fdf elementor-widget elementor-widget-image\" data-id=\"7c44fdf\" data-element_type=\"widget\" data-widget_type=\"image.default\">\n\t\t\t\t<div class=\"elementor-widget-container\">\n\t\t\t\t\t\t\t\t\t\t\t\t\t\t\t<img fetchpriority=\"high\" decoding=\"async\" width=\"688\" height=\"656\" src=\"https:\/\/otyxe.cl\/wp-content\/uploads\/2019\/10\/Sin-t\u00edtulo-1-1024x977.jpg\" class=\"attachment-large size-large wp-image-443\" alt=\"\" srcset=\"https:\/\/otyxe.cl\/wp-content\/uploads\/2019\/10\/Sin-t\u00edtulo-1-1024x977.jpg 1024w, https:\/\/otyxe.cl\/wp-content\/uploads\/2019\/10\/Sin-t\u00edtulo-1-300x286.jpg 300w, https:\/\/otyxe.cl\/wp-content\/uploads\/2019\/10\/Sin-t\u00edtulo-1-768x733.jpg 768w, https:\/\/otyxe.cl\/wp-content\/uploads\/2019\/10\/Sin-t\u00edtulo-1.jpg 1540w\" sizes=\"(max-width: 688px) 100vw, 688px\" \/>\t\t\t\t\t\t\t\t\t\t\t\t\t\t\t<\/div>\n\t\t\t\t<\/div>\n\t\t\t\t\t<\/div>\n\t\t<\/div>\n\t\t\t\t<div class=\"elementor-column elementor-col-50 elementor-top-column elementor-element elementor-element-91ee8bd\" data-id=\"91ee8bd\" data-element_type=\"column\">\n\t\t\t<div class=\"elementor-widget-wrap elementor-element-populated\">\n\t\t\t\t\t\t<div class=\"elementor-element elementor-element-8e57a20 elementor-widget elementor-widget-heading\" data-id=\"8e57a20\" data-element_type=\"widget\" data-widget_type=\"heading.default\">\n\t\t\t\t<div class=\"elementor-widget-container\">\n\t\t\t\t\t<h2 class=\"elementor-heading-title elementor-size-default\">RECLUTAMIENTO Y SELECCI\u00d3N DE PERSONAL<\/h2>\t\t\t\t<\/div>\n\t\t\t\t<\/div>\n\t\t\t\t<div class=\"elementor-element elementor-element-1316ec7 elementor-widget elementor-widget-text-editor\" data-id=\"1316ec7\" data-element_type=\"widget\" data-widget_type=\"text-editor.default\">\n\t\t\t\t<div class=\"elementor-widget-container\">\n\t\t\t\t\t\t\t\t\t<p>OTYXE Consultor\u00eda pone a disposici\u00f3n a un destacado grupo de profesionales de destacada trayectoria para empresas que est\u00e9n en proceso de reclutamiento de nuevo personal. Los servicios que ponemos a disposici\u00f3n van desde el levantamiento del perfil de cargo, hasta la entrega de la lista de candidatos con su respectivo informe, incluyendo los servicios de reclutamiento y selecci\u00f3n de candidatos que cumplan con el perfil.<\/p>\n<p>Destacamos por el alto compromiso tanto con el cumplimiento de objetivos, como tambi\u00e9n con la calidad en nuestro trabajo.<\/p>\t\t\t\t\t\t\t\t<\/div>\n\t\t\t\t<\/div>\n\t\t\t\t\t<\/div>\n\t\t<\/div>\n\t\t\t\t\t<\/div>\n\t\t<\/section>\n\t\t\t\t<section class=\"elementor-section elementor-top-section elementor-element elementor-element-81cf07c elementor-section-boxed elementor-section-height-default elementor-section-height-default\" data-id=\"81cf07c\" data-element_type=\"section\">\n\t\t\t\t\t\t<div class=\"elementor-container elementor-column-gap-default\">\n\t\t\t\t\t<div class=\"elementor-column elementor-col-100 elementor-top-column elementor-element elementor-element-679297c\" data-id=\"679297c\" data-element_type=\"column\">\n\t\t\t<div class=\"elementor-widget-wrap elementor-element-populated\">\n\t\t\t\t\t\t<div class=\"elementor-element elementor-element-a1a45c5 elementor-widget elementor-widget-spacer\" data-id=\"a1a45c5\" data-element_type=\"widget\" data-widget_type=\"spacer.default\">\n\t\t\t\t<div class=\"elementor-widget-container\">\n\t\t\t\t\t\t\t<div class=\"elementor-spacer\">\n\t\t\t<div class=\"elementor-spacer-inner\"><\/div>\n\t\t<\/div>\n\t\t\t\t\t\t<\/div>\n\t\t\t\t<\/div>\n\t\t\t\t<div class=\"elementor-element elementor-element-0dd7e7b elementor-widget elementor-widget-heading\" data-id=\"0dd7e7b\" data-element_type=\"widget\" data-widget_type=\"heading.default\">\n\t\t\t\t<div class=\"elementor-widget-container\">\n\t\t\t\t\t<h2 class=\"elementor-heading-title elementor-size-default\">Nuestros Profesionales<\/h2>\t\t\t\t<\/div>\n\t\t\t\t<\/div>\n\t\t\t\t<div class=\"elementor-element elementor-element-d25327d elementor-widget elementor-widget-spacer\" data-id=\"d25327d\" data-element_type=\"widget\" data-widget_type=\"spacer.default\">\n\t\t\t\t<div class=\"elementor-widget-container\">\n\t\t\t\t\t\t\t<div class=\"elementor-spacer\">\n\t\t\t<div class=\"elementor-spacer-inner\"><\/div>\n\t\t<\/div>\n\t\t\t\t\t\t<\/div>\n\t\t\t\t<\/div>\n\t\t\t\t\t<\/div>\n\t\t<\/div>\n\t\t\t\t\t<\/div>\n\t\t<\/section>\n\t\t\t\t<section class=\"elementor-section elementor-top-section elementor-element elementor-element-9240e28 elementor-section-boxed elementor-section-height-default elementor-section-height-default\" data-id=\"9240e28\" data-element_type=\"section\">\n\t\t\t\t\t\t<div class=\"elementor-container elementor-column-gap-default\">\n\t\t\t\t\t<div class=\"elementor-column elementor-col-50 elementor-top-column elementor-element elementor-element-b471496\" data-id=\"b471496\" data-element_type=\"column\">\n\t\t\t<div class=\"elementor-widget-wrap\">\n\t\t\t\t\t\t\t<\/div>\n\t\t<\/div>\n\t\t\t\t<div class=\"elementor-column elementor-col-50 elementor-top-column elementor-element elementor-element-47a3f7c\" data-id=\"47a3f7c\" data-element_type=\"column\">\n\t\t\t<div class=\"elementor-widget-wrap elementor-element-populated\">\n\t\t\t\t\t\t<div class=\"elementor-element elementor-element-c2032f9 elementor-widget elementor-widget-heading\" data-id=\"c2032f9\" data-element_type=\"widget\" data-widget_type=\"heading.default\">\n\t\t\t\t<div class=\"elementor-widget-container\">\n\t\t\t\t\t<h3 class=\"elementor-heading-title elementor-size-default\">Octavio Villegas Huerta<\/h3>\t\t\t\t<\/div>\n\t\t\t\t<\/div>\n\t\t\t\t<div class=\"elementor-element elementor-element-2084f85 elementor-widget elementor-widget-image\" data-id=\"2084f85\" data-element_type=\"widget\" data-widget_type=\"image.default\">\n\t\t\t\t<div class=\"elementor-widget-container\">\n\t\t\t\t\t\t\t\t\t\t\t\t\t\t\t<img decoding=\"async\" src=\"https:\/\/otyxe.cl\/wp-content\/uploads\/elementor\/thumbs\/WhatsApp-Image-2023-09-02-at-09.15.40-qbuau4bpo958ob5kvqmvkouaj63goyssiujigy8tlc.jpeg\" title=\"WhatsApp Image 2023-09-02 at 09.15.40\" alt=\"WhatsApp Image 2023-09-02 at 09.15.40\" class=\"elementor-animation-grow\" loading=\"lazy\" \/>\t\t\t\t\t\t\t\t\t\t\t\t\t\t\t<\/div>\n\t\t\t\t<\/div>\n\t\t\t\t<div class=\"elementor-element elementor-element-bbfe0bb elementor-widget elementor-widget-text-editor\" data-id=\"bbfe0bb\" data-element_type=\"widget\" data-widget_type=\"text-editor.default\">\n\t\t\t\t<div class=\"elementor-widget-container\">\n\t\t\t\t\t\t\t\t\t<p>Licenciado en Filosof\u00eda Universidad de Concepci\u00f3n, Lic. en Psicolog\u00eda Universidad de Valencia Espa\u00f1a, Psic\u00f3logo Organizacional Universidad de Chile, con m\u00e1s de 20 a\u00f1os de experiencia en el \u00e1rea de reclutamiento y selecci\u00f3n.<\/p>\n<p>\u00a0Experiencia de m\u00e1s de 20 a\u00f1os en entrevista y selecci\u00f3n por competencias, Certificado en Wisc-V, tambi\u00e9n Asesor y colaborador de empresas como: CCU, Grupo Terranova, Correos de Chile, Enacar, Kupfer Hermanos, AbcDin, INE, Municipalidad de Trehuaco, Lota y Quill\u00f3n.<\/p>\n<p>\u00a0<\/p>\t\t\t\t\t\t\t\t<\/div>\n\t\t\t\t<\/div>\n\t\t\t\t\t<\/div>\n\t\t<\/div>\n\t\t\t\t\t<\/div>\n\t\t<\/section>\n\t\t\t\t<section class=\"elementor-section elementor-top-section elementor-element elementor-element-d176094 elementor-section-boxed elementor-section-height-default elementor-section-height-default\" data-id=\"d176094\" data-element_type=\"section\">\n\t\t\t\t\t\t<div class=\"elementor-container elementor-column-gap-default\">\n\t\t\t\t\t<div class=\"elementor-column elementor-col-100 elementor-top-column elementor-element elementor-element-d5add7a\" data-id=\"d5add7a\" data-element_type=\"column\">\n\t\t\t<div class=\"elementor-widget-wrap elementor-element-populated\">\n\t\t\t\t\t\t<div class=\"elementor-element elementor-element-fb74f9f elementor-widget-divider--view-line elementor-widget elementor-widget-divider\" data-id=\"fb74f9f\" data-element_type=\"widget\" data-widget_type=\"divider.default\">\n\t\t\t\t<div class=\"elementor-widget-container\">\n\t\t\t\t\t\t\t<div class=\"elementor-divider\">\n\t\t\t<span class=\"elementor-divider-separator\">\n\t\t\t\t\t\t<\/span>\n\t\t<\/div>\n\t\t\t\t\t\t<\/div>\n\t\t\t\t<\/div>\n\t\t\t\t\t<\/div>\n\t\t<\/div>\n\t\t\t\t\t<\/div>\n\t\t<\/section>\n\t\t\t\t<section class=\"elementor-section elementor-top-section elementor-element elementor-element-70dc72a elementor-section-boxed elementor-section-height-default elementor-section-height-default\" data-id=\"70dc72a\" data-element_type=\"section\">\n\t\t\t\t\t\t<div class=\"elementor-container elementor-column-gap-default\">\n\t\t\t\t\t<div class=\"elementor-column elementor-col-100 elementor-top-column elementor-element elementor-element-dfb938e\" data-id=\"dfb938e\" data-element_type=\"column\">\n\t\t\t<div class=\"elementor-widget-wrap elementor-element-populated\">\n\t\t\t\t\t\t<div class=\"elementor-element elementor-element-e53e562 elementor-widget elementor-widget-heading\" data-id=\"e53e562\" data-element_type=\"widget\" data-widget_type=\"heading.default\">\n\t\t\t\t<div class=\"elementor-widget-container\">\n\t\t\t\t\t<h2 class=\"elementor-heading-title elementor-size-default\">\u00bfESTAS INTERESADO EN NUESTROS SERVICIOS?<\/h2>\t\t\t\t<\/div>\n\t\t\t\t<\/div>\n\t\t\t\t\t<\/div>\n\t\t<\/div>\n\t\t\t\t\t<\/div>\n\t\t<\/section>\n\t\t\t\t<section class=\"elementor-section elementor-top-section elementor-element elementor-element-55e3273 elementor-section-boxed elementor-section-height-default elementor-section-height-default\" data-id=\"55e3273\" data-element_type=\"section\">\n\t\t\t\t\t\t<div class=\"elementor-container elementor-column-gap-default\">\n\t\t\t\t\t<div class=\"elementor-column elementor-col-100 elementor-top-column elementor-element elementor-element-0c9b974\" data-id=\"0c9b974\" data-element_type=\"column\">\n\t\t\t<div class=\"elementor-widget-wrap elementor-element-populated\">\n\t\t\t\t\t\t<div class=\"elementor-element elementor-element-b163df0 elementor-widget elementor-widget-wp-widget-wpforms-widget\" data-id=\"b163df0\" data-element_type=\"widget\" data-widget_type=\"wp-widget-wpforms-widget.default\">\n\t\t\t\t<div class=\"elementor-widget-container\">\n\t\t\t\t\t<div class=\"wpforms-container wpforms-container-full\" id=\"wpforms-447\"><form id=\"wpforms-form-447\" class=\"wpforms-validate wpforms-form\" data-formid=\"447\" method=\"post\" enctype=\"multipart\/form-data\" action=\"\/index.php?rest_route=%2Fwp%2Fv2%2Fpages%2F65\" data-token=\"1dff715cf97748f3f3e873e019f9893e\" data-token-time=\"1777469770\"><div class=\"wpforms-head-container\"><div class=\"wpforms-description\">Ponte en contacto con nosotros y cu\u00e9ntanos cu\u00e1l es tu requerimiento<\/div><\/div><noscript class=\"wpforms-error-noscript\">Por favor, activa JavaScript en tu navegador para completar este formulario.<\/noscript><div class=\"wpforms-field-container\"><div id=\"wpforms-447-field_0-container\" class=\"wpforms-field wpforms-field-name\" data-field-id=\"0\"><label class=\"wpforms-field-label\" for=\"wpforms-447-field_0\">Nombre <span class=\"wpforms-required-label\">*<\/span><\/label><div class=\"wpforms-field-row wpforms-field-medium\"><div class=\"wpforms-field-row-block wpforms-first wpforms-one-half\"><input type=\"text\" id=\"wpforms-447-field_0\" class=\"wpforms-field-name-first wpforms-field-required\" name=\"wpforms[fields][0][first]\" placeholder=\"Nombre\" required><label for=\"wpforms-447-field_0\" class=\"wpforms-field-sublabel after wpforms-sublabel-hide\">Nombre<\/label><\/div><div class=\"wpforms-field-row-block wpforms-one-half\"><input type=\"text\" id=\"wpforms-447-field_0-last\" class=\"wpforms-field-name-last wpforms-field-required\" name=\"wpforms[fields][0][last]\" placeholder=\"Apellido\" required><label for=\"wpforms-447-field_0-last\" class=\"wpforms-field-sublabel after wpforms-sublabel-hide\">Apellidos<\/label><\/div><\/div><\/div><div id=\"wpforms-447-field_4-container\" class=\"wpforms-field wpforms-field-text\" data-field-id=\"4\"><label class=\"wpforms-field-label\" for=\"wpforms-447-field_4\">Nombre Empresa<\/label><input type=\"text\" id=\"wpforms-447-field_4\" class=\"wpforms-field-medium\" name=\"wpforms[fields][4]\" ><\/div><div id=\"wpforms-447-field_1-container\" class=\"wpforms-field wpforms-field-email\" data-field-id=\"1\"><label class=\"wpforms-field-label\" for=\"wpforms-447-field_1\">Email <span class=\"wpforms-required-label\">*<\/span><\/label><input type=\"email\" id=\"wpforms-447-field_1\" class=\"wpforms-field-medium wpforms-field-required\" name=\"wpforms[fields][1]\" spellcheck=\"false\" required><\/div><div id=\"wpforms-447-field_3-container\" class=\"wpforms-field wpforms-field-text\" data-field-id=\"3\"><label class=\"wpforms-field-label\" for=\"wpforms-447-field_3\">Tel\u00e9fono <span class=\"wpforms-required-label\">*<\/span><\/label><input type=\"text\" id=\"wpforms-447-field_3\" class=\"wpforms-field-medium wpforms-field-required\" name=\"wpforms[fields][3]\" required><\/div><div id=\"wpforms-447-field_2-container\" class=\"wpforms-field wpforms-field-textarea\" data-field-id=\"2\"><label class=\"wpforms-field-label\" for=\"wpforms-447-field_2\">Com\u00e9ntanos que es lo que requieres <span class=\"wpforms-required-label\">*<\/span><\/label><textarea id=\"wpforms-447-field_2\" class=\"wpforms-field-medium wpforms-field-required\" name=\"wpforms[fields][2]\" required><\/textarea><\/div><\/div><!-- .wpforms-field-container --><div class=\"wpforms-field wpforms-field-hp\"><label for=\"wpforms-447-field-hp\" class=\"wpforms-field-label\">Comment<\/label><input type=\"text\" name=\"wpforms[hp]\" id=\"wpforms-447-field-hp\" class=\"wpforms-field-medium\"><\/div><div class=\"wpforms-submit-container\" ><input type=\"hidden\" name=\"wpforms[id]\" value=\"447\"><input type=\"hidden\" name=\"page_title\" value=\"\"><input type=\"hidden\" name=\"page_url\" value=\"https:\/\/otyxe.cl\/index.php?rest_route=\/wp\/v2\/pages\/65\"><input type=\"hidden\" name=\"url_referer\" value=\"\"><button type=\"submit\" name=\"wpforms[submit]\" id=\"wpforms-submit-447\" class=\"wpforms-submit\" data-alt-text=\"Enviando...\" data-submit-text=\"Enviar\" aria-live=\"assertive\" value=\"wpforms-submit\">Enviar<\/button><\/div><\/form><\/div>  <!-- .wpforms-container -->\t\t\t\t<\/div>\n\t\t\t\t<\/div>\n\t\t\t\t\t<\/div>\n\t\t<\/div>\n\t\t\t\t\t<\/div>\n\t\t<\/section>\n\t\t\t\t<\/div>\n\t\t","protected":false},"excerpt":{"rendered":"<p>RECLUTAMIENTO Y SELECCI\u00d3N DE PERSONAL OTYXE Consultor\u00eda pone a disposici\u00f3n a un destacado grupo de profesionales de destacada trayectoria para&hellip;<\/p>\n","protected":false},"author":1,"featured_media":0,"parent":0,"menu_order":0,"comment_status":"closed","ping_status":"closed","template":"","meta":{"footnotes":""},"yoast_head":"<!-- This site is optimized with the Yoast SEO plugin v23.5 - https:\/\/yoast.com\/wordpress\/plugins\/seo\/ -->\n<title>Servicios - INSTITUTO DE CAPACITACI\u00d3N OTYXE SPA<\/title>\n<meta name=\"robots\" content=\"index, follow, max-snippet:-1, max-image-preview:large, max-video-preview:-1\" \/>\n<link rel=\"canonical\" href=\"https:\/\/otyxe.cl\/?page_id=65\" \/>\n<meta property=\"og:locale\" content=\"es_ES\" \/>\n<meta property=\"og:type\" content=\"article\" \/>\n<meta property=\"og:title\" content=\"Servicios - INSTITUTO DE CAPACITACI\u00d3N OTYXE SPA\" \/>\n<meta property=\"og:description\" content=\"RECLUTAMIENTO Y SELECCI\u00d3N DE PERSONAL OTYXE Consultor\u00eda pone a disposici\u00f3n a un destacado grupo de profesionales de destacada trayectoria para&hellip;\" \/>\n<meta property=\"og:url\" content=\"https:\/\/otyxe.cl\/?page_id=65\" \/>\n<meta property=\"og:site_name\" content=\"INSTITUTO DE CAPACITACI\u00d3N OTYXE SPA\" \/>\n<meta property=\"article:modified_time\" content=\"2023-09-02T23:31:51+00:00\" \/>\n<meta property=\"og:image\" content=\"http:\/\/otyxe.cl\/wp-content\/uploads\/2019\/10\/Sin-t\u00edtulo-1-1024x977.jpg\" \/>\n<meta name=\"twitter:card\" content=\"summary_large_image\" \/>\n<meta name=\"twitter:label1\" content=\"Tiempo estimado de lectura\" \/>\n\t<meta name=\"twitter:data1\" content=\"2 minutos\" \/>\n<script type=\"application\/ld+json\" class=\"yoast-schema-graph\">{\"@context\":\"https:\/\/schema.org\",\"@graph\":[{\"@type\":\"WebPage\",\"@id\":\"https:\/\/otyxe.cl\/?page_id=65\",\"url\":\"https:\/\/otyxe.cl\/?page_id=65\",\"name\":\"Servicios - INSTITUTO DE CAPACITACI\u00d3N OTYXE SPA\",\"isPartOf\":{\"@id\":\"https:\/\/otyxe.cl\/#website\"},\"primaryImageOfPage\":{\"@id\":\"https:\/\/otyxe.cl\/?page_id=65#primaryimage\"},\"image\":{\"@id\":\"https:\/\/otyxe.cl\/?page_id=65#primaryimage\"},\"thumbnailUrl\":\"http:\/\/otyxe.cl\/wp-content\/uploads\/elementor\/thumbs\/WhatsApp-Image-2023-09-02-at-09.15.40-qbuau4bpo958ob5kvqmvkouaj63goyssiujigy8tlc.jpeg\",\"datePublished\":\"2019-07-30T01:44:55+00:00\",\"dateModified\":\"2023-09-02T23:31:51+00:00\",\"breadcrumb\":{\"@id\":\"https:\/\/otyxe.cl\/?page_id=65#breadcrumb\"},\"inLanguage\":\"es-CL\",\"potentialAction\":[{\"@type\":\"ReadAction\",\"target\":[\"https:\/\/otyxe.cl\/?page_id=65\"]}]},{\"@type\":\"ImageObject\",\"inLanguage\":\"es-CL\",\"@id\":\"https:\/\/otyxe.cl\/?page_id=65#primaryimage\",\"url\":\"http:\/\/otyxe.cl\/wp-content\/uploads\/elementor\/thumbs\/WhatsApp-Image-2023-09-02-at-09.15.40-qbuau4bpo958ob5kvqmvkouaj63goyssiujigy8tlc.jpeg\",\"contentUrl\":\"http:\/\/otyxe.cl\/wp-content\/uploads\/elementor\/thumbs\/WhatsApp-Image-2023-09-02-at-09.15.40-qbuau4bpo958ob5kvqmvkouaj63goyssiujigy8tlc.jpeg\"},{\"@type\":\"BreadcrumbList\",\"@id\":\"https:\/\/otyxe.cl\/?page_id=65#breadcrumb\",\"itemListElement\":[{\"@type\":\"ListItem\",\"position\":1,\"name\":\"Portada\",\"item\":\"https:\/\/otyxe.cl\/\"},{\"@type\":\"ListItem\",\"position\":2,\"name\":\"Servicios\"}]},{\"@type\":\"WebSite\",\"@id\":\"https:\/\/otyxe.cl\/#website\",\"url\":\"https:\/\/otyxe.cl\/\",\"name\":\"INSTITUTO DE CAPACITACI\u00d3N OTYXE SPA\",\"description\":\"\",\"publisher\":{\"@id\":\"https:\/\/otyxe.cl\/#organization\"},\"potentialAction\":[{\"@type\":\"SearchAction\",\"target\":{\"@type\":\"EntryPoint\",\"urlTemplate\":\"https:\/\/otyxe.cl\/?s={search_term_string}\"},\"query-input\":{\"@type\":\"PropertyValueSpecification\",\"valueRequired\":true,\"valueName\":\"search_term_string\"}}],\"inLanguage\":\"es-CL\"},{\"@type\":\"Organization\",\"@id\":\"https:\/\/otyxe.cl\/#organization\",\"name\":\"INSTITUTO DE CAPACITACI\u00d3N OTYXE SPA\",\"url\":\"https:\/\/otyxe.cl\/\",\"logo\":{\"@type\":\"ImageObject\",\"inLanguage\":\"es-CL\",\"@id\":\"https:\/\/otyxe.cl\/#\/schema\/logo\/image\/\",\"url\":\"https:\/\/otyxe.cl\/wp-content\/uploads\/2023\/11\/cropped-WhatsApp-Image-2023-11-26-at-09.45.19-1.jpeg\",\"contentUrl\":\"https:\/\/otyxe.cl\/wp-content\/uploads\/2023\/11\/cropped-WhatsApp-Image-2023-11-26-at-09.45.19-1.jpeg\",\"width\":813,\"height\":175,\"caption\":\"INSTITUTO DE CAPACITACI\u00d3N OTYXE SPA\"},\"image\":{\"@id\":\"https:\/\/otyxe.cl\/#\/schema\/logo\/image\/\"}}]}<\/script>\n<!-- \/ Yoast SEO plugin. -->","yoast_head_json":{"title":"Servicios - INSTITUTO DE CAPACITACI\u00d3N OTYXE SPA","robots":{"index":"index","follow":"follow","max-snippet":"max-snippet:-1","max-image-preview":"max-image-preview:large","max-video-preview":"max-video-preview:-1"},"canonical":"https:\/\/otyxe.cl\/?page_id=65","og_locale":"es_ES","og_type":"article","og_title":"Servicios - INSTITUTO DE CAPACITACI\u00d3N OTYXE SPA","og_description":"RECLUTAMIENTO Y SELECCI\u00d3N DE PERSONAL OTYXE Consultor\u00eda pone a disposici\u00f3n a un destacado grupo de profesionales de destacada trayectoria para&hellip;","og_url":"https:\/\/otyxe.cl\/?page_id=65","og_site_name":"INSTITUTO DE CAPACITACI\u00d3N OTYXE SPA","article_modified_time":"2023-09-02T23:31:51+00:00","og_image":[{"url":"http:\/\/otyxe.cl\/wp-content\/uploads\/2019\/10\/Sin-t\u00edtulo-1-1024x977.jpg"}],"twitter_card":"summary_large_image","twitter_misc":{"Tiempo estimado de lectura":"2 minutos"},"schema":{"@context":"https:\/\/schema.org","@graph":[{"@type":"WebPage","@id":"https:\/\/otyxe.cl\/?page_id=65","url":"https:\/\/otyxe.cl\/?page_id=65","name":"Servicios - INSTITUTO DE CAPACITACI\u00d3N OTYXE SPA","isPartOf":{"@id":"https:\/\/otyxe.cl\/#website"},"primaryImageOfPage":{"@id":"https:\/\/otyxe.cl\/?page_id=65#primaryimage"},"image":{"@id":"https:\/\/otyxe.cl\/?page_id=65#primaryimage"},"thumbnailUrl":"http:\/\/otyxe.cl\/wp-content\/uploads\/elementor\/thumbs\/WhatsApp-Image-2023-09-02-at-09.15.40-qbuau4bpo958ob5kvqmvkouaj63goyssiujigy8tlc.jpeg","datePublished":"2019-07-30T01:44:55+00:00","dateModified":"2023-09-02T23:31:51+00:00","breadcrumb":{"@id":"https:\/\/otyxe.cl\/?page_id=65#breadcrumb"},"inLanguage":"es-CL","potentialAction":[{"@type":"ReadAction","target":["https:\/\/otyxe.cl\/?page_id=65"]}]},{"@type":"ImageObject","inLanguage":"es-CL","@id":"https:\/\/otyxe.cl\/?page_id=65#primaryimage","url":"http:\/\/otyxe.cl\/wp-content\/uploads\/elementor\/thumbs\/WhatsApp-Image-2023-09-02-at-09.15.40-qbuau4bpo958ob5kvqmvkouaj63goyssiujigy8tlc.jpeg","contentUrl":"http:\/\/otyxe.cl\/wp-content\/uploads\/elementor\/thumbs\/WhatsApp-Image-2023-09-02-at-09.15.40-qbuau4bpo958ob5kvqmvkouaj63goyssiujigy8tlc.jpeg"},{"@type":"BreadcrumbList","@id":"https:\/\/otyxe.cl\/?page_id=65#breadcrumb","itemListElement":[{"@type":"ListItem","position":1,"name":"Portada","item":"https:\/\/otyxe.cl\/"},{"@type":"ListItem","position":2,"name":"Servicios"}]},{"@type":"WebSite","@id":"https:\/\/otyxe.cl\/#website","url":"https:\/\/otyxe.cl\/","name":"INSTITUTO DE CAPACITACI\u00d3N OTYXE SPA","description":"","publisher":{"@id":"https:\/\/otyxe.cl\/#organization"},"potentialAction":[{"@type":"SearchAction","target":{"@type":"EntryPoint","urlTemplate":"https:\/\/otyxe.cl\/?s={search_term_string}"},"query-input":{"@type":"PropertyValueSpecification","valueRequired":true,"valueName":"search_term_string"}}],"inLanguage":"es-CL"},{"@type":"Organization","@id":"https:\/\/otyxe.cl\/#organization","name":"INSTITUTO DE CAPACITACI\u00d3N OTYXE SPA","url":"https:\/\/otyxe.cl\/","logo":{"@type":"ImageObject","inLanguage":"es-CL","@id":"https:\/\/otyxe.cl\/#\/schema\/logo\/image\/","url":"https:\/\/otyxe.cl\/wp-content\/uploads\/2023\/11\/cropped-WhatsApp-Image-2023-11-26-at-09.45.19-1.jpeg","contentUrl":"https:\/\/otyxe.cl\/wp-content\/uploads\/2023\/11\/cropped-WhatsApp-Image-2023-11-26-at-09.45.19-1.jpeg","width":813,"height":175,"caption":"INSTITUTO DE CAPACITACI\u00d3N OTYXE SPA"},"image":{"@id":"https:\/\/otyxe.cl\/#\/schema\/logo\/image\/"}}]}},"_links":{"self":[{"href":"https:\/\/otyxe.cl\/index.php?rest_route=\/wp\/v2\/pages\/65"}],"collection":[{"href":"https:\/\/otyxe.cl\/index.php?rest_route=\/wp\/v2\/pages"}],"about":[{"href":"https:\/\/otyxe.cl\/index.php?rest_route=\/wp\/v2\/types\/page"}],"author":[{"embeddable":true,"href":"https:\/\/otyxe.cl\/index.php?rest_route=\/wp\/v2\/users\/1"}],"replies":[{"embeddable":true,"href":"https:\/\/otyxe.cl\/index.php?rest_route=%2Fwp%2Fv2%2Fcomments&post=65"}],"version-history":[{"count":29,"href":"https:\/\/otyxe.cl\/index.php?rest_route=\/wp\/v2\/pages\/65\/revisions"}],"predecessor-version":[{"id":2673,"href":"https:\/\/otyxe.cl\/index.php?rest_route=\/wp\/v2\/pages\/65\/revisions\/2673"}],"wp:attachment":[{"href":"https:\/\/otyxe.cl\/index.php?rest_route=%2Fwp%2Fv2%2Fmedia&parent=65"}],"curies":[{"name":"wp","href":"https:\/\/api.w.org\/{rel}","templated":true}]}}