{"id":54,"date":"2019-07-22T14:11:48","date_gmt":"2019-07-22T17:11:48","guid":{"rendered":"http:\/\/otyxe.ignaciojofre.com\/?page_id=21"},"modified":"2023-12-02T09:40:51","modified_gmt":"2023-12-02T12:40:51","slug":"contacto","status":"publish","type":"page","link":"https:\/\/otyxe.cl\/?page_id=54","title":{"rendered":"Contacto"},"content":{"rendered":"\t\t<div data-elementor-type=\"wp-page\" data-elementor-id=\"54\" class=\"elementor elementor-54\">\n\t\t\t\t\t\t<section class=\"elementor-section elementor-top-section elementor-element elementor-element-d212c57 elementor-section-boxed elementor-section-height-default elementor-section-height-default\" data-id=\"d212c57\" data-element_type=\"section\">\n\t\t\t\t\t\t<div class=\"elementor-container elementor-column-gap-default\">\n\t\t\t\t\t<div class=\"elementor-column elementor-col-100 elementor-top-column elementor-element elementor-element-ddec0a1\" data-id=\"ddec0a1\" data-element_type=\"column\">\n\t\t\t<div class=\"elementor-widget-wrap elementor-element-populated\">\n\t\t\t\t\t\t<div class=\"elementor-element elementor-element-c04f22e elementor-widget elementor-widget-image\" data-id=\"c04f22e\" data-element_type=\"widget\" data-widget_type=\"image.default\">\n\t\t\t\t<div class=\"elementor-widget-container\">\n\t\t\t\t\t\t\t\t\t\t\t\t\t\t\t<img fetchpriority=\"high\" decoding=\"async\" width=\"620\" height=\"202\" src=\"https:\/\/otyxe.cl\/wp-content\/uploads\/2023\/11\/cropped-WhatsApp-Image-2023-11-26-at-09.45.19-e1701138059234.jpeg\" class=\"attachment-large size-large wp-image-2766\" alt=\"\" \/>\t\t\t\t\t\t\t\t\t\t\t\t\t\t\t<\/div>\n\t\t\t\t<\/div>\n\t\t\t\t\t<\/div>\n\t\t<\/div>\n\t\t\t\t\t<\/div>\n\t\t<\/section>\n\t\t\t\t<section class=\"elementor-section elementor-top-section elementor-element elementor-element-3e8eab5f elementor-section-boxed elementor-section-height-default elementor-section-height-default\" data-id=\"3e8eab5f\" data-element_type=\"section\">\n\t\t\t\t\t\t<div class=\"elementor-container elementor-column-gap-default\">\n\t\t\t\t\t<div class=\"elementor-column elementor-col-100 elementor-top-column elementor-element elementor-element-2f69f5ee\" data-id=\"2f69f5ee\" data-element_type=\"column\">\n\t\t\t<div class=\"elementor-widget-wrap elementor-element-populated\">\n\t\t\t\t\t\t<div class=\"elementor-element elementor-element-13ac3b29 elementor-widget elementor-widget-text-editor\" data-id=\"13ac3b29\" data-element_type=\"widget\" data-widget_type=\"text-editor.default\">\n\t\t\t\t<div class=\"elementor-widget-container\">\n\t\t\t\t\t\t\t\t\t<div class=\"wpforms-container wpforms-container-full\" id=\"wpforms-101\">\n<form id=\"wpforms-form-101\" class=\"wpforms-validate wpforms-form\" data-formid=\"101\" method=\"post\" enctype=\"multipart\/form-data\" action=\"\/index.php?rest_route=%2Fwp%2Fv2%2Fpages%2F54\" data-token=\"89ffed50109d3ab7db143fe1c6973767\" data-token-time=\"1775857698\">\n<div class=\"wpforms-head-container\">\n<div class=\"wpforms-title\">Contacto<\/div>\n<div class=\"wpforms-description\">Formulario de Contacto, en caso de que tengas alguna duda, quisieras cotizar alg\u00fan servicio en particular, exista alg\u00fan curso que te gustar\u00eda imparti\u00e9semos o quisieras mas informaci\u00f3n no dudes en escribirnos.<\/div>\n<\/div>\n<p><noscript class=\"wpforms-error-noscript\">Por favor, activa JavaScript en tu navegador para completar este formulario.<\/noscript><\/p>\n<div class=\"wpforms-field-container\">\n<div id=\"wpforms-101-field_0-container\" class=\"wpforms-field wpforms-field-name\" data-field-id=\"0\"><label class=\"wpforms-field-label\" for=\"wpforms-101-field_0\">Nombre <span class=\"wpforms-required-label\">*<\/span><\/label><\/p>\n<div class=\"wpforms-field-row wpforms-field-medium\">\n<div class=\"wpforms-field-row-block wpforms-first wpforms-one-half\"><input type=\"text\" id=\"wpforms-101-field_0\" class=\"wpforms-field-name-first wpforms-field-required\" name=\"wpforms[fields][0][first]\" placeholder=\"Nombre\" required><label for=\"wpforms-101-field_0\" class=\"wpforms-field-sublabel after wpforms-sublabel-hide\">Nombre<\/label><\/div>\n<div class=\"wpforms-field-row-block wpforms-one-half\"><input type=\"text\" id=\"wpforms-101-field_0-last\" class=\"wpforms-field-name-last wpforms-field-required\" name=\"wpforms[fields][0][last]\" placeholder=\"Apellido\" required><label for=\"wpforms-101-field_0-last\" class=\"wpforms-field-sublabel after wpforms-sublabel-hide\">Apellidos<\/label><\/div>\n<\/div>\n<\/div>\n<div id=\"wpforms-101-field_1-container\" class=\"wpforms-field wpforms-field-email\" data-field-id=\"1\"><label class=\"wpforms-field-label\" for=\"wpforms-101-field_1\">Email <span class=\"wpforms-required-label\">*<\/span><\/label><input type=\"email\" id=\"wpforms-101-field_1\" class=\"wpforms-field-medium wpforms-field-required\" name=\"wpforms[fields][1]\" spellcheck=\"false\" required><\/div>\n<div id=\"wpforms-101-field_3-container\" class=\"wpforms-field wpforms-field-text\" data-field-id=\"3\"><label class=\"wpforms-field-label\" for=\"wpforms-101-field_3\">Tel\u00e9fono (opcional)<\/label><input type=\"text\" id=\"wpforms-101-field_3\" class=\"wpforms-field-medium\" name=\"wpforms[fields][3]\" ><\/div>\n<div id=\"wpforms-101-field_2-container\" class=\"wpforms-field wpforms-field-textarea\" data-field-id=\"2\"><label class=\"wpforms-field-label\" for=\"wpforms-101-field_2\">Mensaje <span class=\"wpforms-required-label\">*<\/span><\/label><textarea id=\"wpforms-101-field_2\" class=\"wpforms-field-medium wpforms-field-required\" name=\"wpforms[fields][2]\" required><\/textarea><\/div>\n<\/div>\n<p><!-- .wpforms-field-container --><\/p>\n<div class=\"wpforms-field wpforms-field-hp\"><label for=\"wpforms-101-field-hp\" class=\"wpforms-field-label\">Message<\/label><input type=\"text\" name=\"wpforms[hp]\" id=\"wpforms-101-field-hp\" class=\"wpforms-field-medium\"><\/div>\n<div class=\"wpforms-submit-container\" ><input type=\"hidden\" name=\"wpforms[id]\" value=\"101\"><input type=\"hidden\" name=\"page_title\" value=\"\"><input type=\"hidden\" name=\"page_url\" value=\"https:\/\/otyxe.cl\/index.php?rest_route=\/wp\/v2\/pages\/54\"><input type=\"hidden\" name=\"url_referer\" value=\"\"><button type=\"submit\" name=\"wpforms[submit]\" id=\"wpforms-submit-101\" class=\"wpforms-submit\" data-alt-text=\"Enviando...\" data-submit-text=\"Enviar\" aria-live=\"assertive\" value=\"wpforms-submit\">Enviar<\/button><\/div>\n<\/form>\n<\/div>\n<p>  <!-- .wpforms-container --><\/p>\n\t\t\t\t\t\t\t\t<\/div>\n\t\t\t\t<\/div>\n\t\t\t\t\t<\/div>\n\t\t<\/div>\n\t\t\t\t\t<\/div>\n\t\t<\/section>\n\t\t\t\t<\/div>\n\t\t","protected":false},"excerpt":{"rendered":"","protected":false},"author":2,"featured_media":0,"parent":0,"menu_order":0,"comment_status":"closed","ping_status":"closed","template":"","meta":{"footnotes":""},"yoast_head":"<!-- This site is optimized with the Yoast SEO plugin v23.5 - https:\/\/yoast.com\/wordpress\/plugins\/seo\/ -->\n<title>Contacto - INSTITUTO DE CAPACITACI\u00d3N OTYXE SPA<\/title>\n<meta name=\"robots\" content=\"index, follow, max-snippet:-1, max-image-preview:large, max-video-preview:-1\" \/>\n<link rel=\"canonical\" href=\"https:\/\/otyxe.cl\/?page_id=54\" \/>\n<meta property=\"og:locale\" content=\"es_ES\" \/>\n<meta property=\"og:type\" content=\"article\" \/>\n<meta property=\"og:title\" content=\"Contacto - INSTITUTO DE CAPACITACI\u00d3N OTYXE SPA\" \/>\n<meta property=\"og:url\" content=\"https:\/\/otyxe.cl\/?page_id=54\" \/>\n<meta property=\"og:site_name\" content=\"INSTITUTO DE CAPACITACI\u00d3N OTYXE SPA\" \/>\n<meta property=\"article:modified_time\" content=\"2023-12-02T12:40:51+00:00\" \/>\n<meta property=\"og:image\" content=\"http:\/\/otyxe.cl\/wp-content\/uploads\/2023\/11\/cropped-WhatsApp-Image-2023-11-26-at-09.45.19-e1701138059234.jpeg\" \/>\n<meta name=\"twitter:card\" content=\"summary_large_image\" \/>\n<meta name=\"twitter:label1\" content=\"Tiempo estimado de lectura\" \/>\n\t<meta name=\"twitter:data1\" content=\"1 minuto\" \/>\n<script type=\"application\/ld+json\" class=\"yoast-schema-graph\">{\"@context\":\"https:\/\/schema.org\",\"@graph\":[{\"@type\":\"WebPage\",\"@id\":\"https:\/\/otyxe.cl\/?page_id=54\",\"url\":\"https:\/\/otyxe.cl\/?page_id=54\",\"name\":\"Contacto - INSTITUTO DE CAPACITACI\u00d3N OTYXE SPA\",\"isPartOf\":{\"@id\":\"https:\/\/otyxe.cl\/#website\"},\"primaryImageOfPage\":{\"@id\":\"https:\/\/otyxe.cl\/?page_id=54#primaryimage\"},\"image\":{\"@id\":\"https:\/\/otyxe.cl\/?page_id=54#primaryimage\"},\"thumbnailUrl\":\"http:\/\/otyxe.cl\/wp-content\/uploads\/2023\/11\/cropped-WhatsApp-Image-2023-11-26-at-09.45.19-e1701138059234.jpeg\",\"datePublished\":\"2019-07-22T17:11:48+00:00\",\"dateModified\":\"2023-12-02T12:40:51+00:00\",\"breadcrumb\":{\"@id\":\"https:\/\/otyxe.cl\/?page_id=54#breadcrumb\"},\"inLanguage\":\"es-CL\",\"potentialAction\":[{\"@type\":\"ReadAction\",\"target\":[\"https:\/\/otyxe.cl\/?page_id=54\"]}]},{\"@type\":\"ImageObject\",\"inLanguage\":\"es-CL\",\"@id\":\"https:\/\/otyxe.cl\/?page_id=54#primaryimage\",\"url\":\"https:\/\/otyxe.cl\/wp-content\/uploads\/2023\/11\/cropped-WhatsApp-Image-2023-11-26-at-09.45.19-e1701138059234.jpeg\",\"contentUrl\":\"https:\/\/otyxe.cl\/wp-content\/uploads\/2023\/11\/cropped-WhatsApp-Image-2023-11-26-at-09.45.19-e1701138059234.jpeg\",\"width\":620,\"height\":202},{\"@type\":\"BreadcrumbList\",\"@id\":\"https:\/\/otyxe.cl\/?page_id=54#breadcrumb\",\"itemListElement\":[{\"@type\":\"ListItem\",\"position\":1,\"name\":\"Portada\",\"item\":\"https:\/\/otyxe.cl\/\"},{\"@type\":\"ListItem\",\"position\":2,\"name\":\"Contacto\"}]},{\"@type\":\"WebSite\",\"@id\":\"https:\/\/otyxe.cl\/#website\",\"url\":\"https:\/\/otyxe.cl\/\",\"name\":\"INSTITUTO DE CAPACITACI\u00d3N OTYXE SPA\",\"description\":\"\",\"publisher\":{\"@id\":\"https:\/\/otyxe.cl\/#organization\"},\"potentialAction\":[{\"@type\":\"SearchAction\",\"target\":{\"@type\":\"EntryPoint\",\"urlTemplate\":\"https:\/\/otyxe.cl\/?s={search_term_string}\"},\"query-input\":{\"@type\":\"PropertyValueSpecification\",\"valueRequired\":true,\"valueName\":\"search_term_string\"}}],\"inLanguage\":\"es-CL\"},{\"@type\":\"Organization\",\"@id\":\"https:\/\/otyxe.cl\/#organization\",\"name\":\"INSTITUTO DE CAPACITACI\u00d3N OTYXE SPA\",\"url\":\"https:\/\/otyxe.cl\/\",\"logo\":{\"@type\":\"ImageObject\",\"inLanguage\":\"es-CL\",\"@id\":\"https:\/\/otyxe.cl\/#\/schema\/logo\/image\/\",\"url\":\"https:\/\/otyxe.cl\/wp-content\/uploads\/2023\/11\/cropped-WhatsApp-Image-2023-11-26-at-09.45.19-1.jpeg\",\"contentUrl\":\"https:\/\/otyxe.cl\/wp-content\/uploads\/2023\/11\/cropped-WhatsApp-Image-2023-11-26-at-09.45.19-1.jpeg\",\"width\":813,\"height\":175,\"caption\":\"INSTITUTO DE CAPACITACI\u00d3N OTYXE SPA\"},\"image\":{\"@id\":\"https:\/\/otyxe.cl\/#\/schema\/logo\/image\/\"}}]}<\/script>\n<!-- \/ Yoast SEO plugin. -->","yoast_head_json":{"title":"Contacto - INSTITUTO DE CAPACITACI\u00d3N OTYXE SPA","robots":{"index":"index","follow":"follow","max-snippet":"max-snippet:-1","max-image-preview":"max-image-preview:large","max-video-preview":"max-video-preview:-1"},"canonical":"https:\/\/otyxe.cl\/?page_id=54","og_locale":"es_ES","og_type":"article","og_title":"Contacto - INSTITUTO DE CAPACITACI\u00d3N OTYXE SPA","og_url":"https:\/\/otyxe.cl\/?page_id=54","og_site_name":"INSTITUTO DE CAPACITACI\u00d3N OTYXE SPA","article_modified_time":"2023-12-02T12:40:51+00:00","og_image":[{"url":"http:\/\/otyxe.cl\/wp-content\/uploads\/2023\/11\/cropped-WhatsApp-Image-2023-11-26-at-09.45.19-e1701138059234.jpeg"}],"twitter_card":"summary_large_image","twitter_misc":{"Tiempo estimado de lectura":"1 minuto"},"schema":{"@context":"https:\/\/schema.org","@graph":[{"@type":"WebPage","@id":"https:\/\/otyxe.cl\/?page_id=54","url":"https:\/\/otyxe.cl\/?page_id=54","name":"Contacto - INSTITUTO DE CAPACITACI\u00d3N OTYXE SPA","isPartOf":{"@id":"https:\/\/otyxe.cl\/#website"},"primaryImageOfPage":{"@id":"https:\/\/otyxe.cl\/?page_id=54#primaryimage"},"image":{"@id":"https:\/\/otyxe.cl\/?page_id=54#primaryimage"},"thumbnailUrl":"http:\/\/otyxe.cl\/wp-content\/uploads\/2023\/11\/cropped-WhatsApp-Image-2023-11-26-at-09.45.19-e1701138059234.jpeg","datePublished":"2019-07-22T17:11:48+00:00","dateModified":"2023-12-02T12:40:51+00:00","breadcrumb":{"@id":"https:\/\/otyxe.cl\/?page_id=54#breadcrumb"},"inLanguage":"es-CL","potentialAction":[{"@type":"ReadAction","target":["https:\/\/otyxe.cl\/?page_id=54"]}]},{"@type":"ImageObject","inLanguage":"es-CL","@id":"https:\/\/otyxe.cl\/?page_id=54#primaryimage","url":"https:\/\/otyxe.cl\/wp-content\/uploads\/2023\/11\/cropped-WhatsApp-Image-2023-11-26-at-09.45.19-e1701138059234.jpeg","contentUrl":"https:\/\/otyxe.cl\/wp-content\/uploads\/2023\/11\/cropped-WhatsApp-Image-2023-11-26-at-09.45.19-e1701138059234.jpeg","width":620,"height":202},{"@type":"BreadcrumbList","@id":"https:\/\/otyxe.cl\/?page_id=54#breadcrumb","itemListElement":[{"@type":"ListItem","position":1,"name":"Portada","item":"https:\/\/otyxe.cl\/"},{"@type":"ListItem","position":2,"name":"Contacto"}]},{"@type":"WebSite","@id":"https:\/\/otyxe.cl\/#website","url":"https:\/\/otyxe.cl\/","name":"INSTITUTO DE CAPACITACI\u00d3N OTYXE SPA","description":"","publisher":{"@id":"https:\/\/otyxe.cl\/#organization"},"potentialAction":[{"@type":"SearchAction","target":{"@type":"EntryPoint","urlTemplate":"https:\/\/otyxe.cl\/?s={search_term_string}"},"query-input":{"@type":"PropertyValueSpecification","valueRequired":true,"valueName":"search_term_string"}}],"inLanguage":"es-CL"},{"@type":"Organization","@id":"https:\/\/otyxe.cl\/#organization","name":"INSTITUTO DE CAPACITACI\u00d3N OTYXE SPA","url":"https:\/\/otyxe.cl\/","logo":{"@type":"ImageObject","inLanguage":"es-CL","@id":"https:\/\/otyxe.cl\/#\/schema\/logo\/image\/","url":"https:\/\/otyxe.cl\/wp-content\/uploads\/2023\/11\/cropped-WhatsApp-Image-2023-11-26-at-09.45.19-1.jpeg","contentUrl":"https:\/\/otyxe.cl\/wp-content\/uploads\/2023\/11\/cropped-WhatsApp-Image-2023-11-26-at-09.45.19-1.jpeg","width":813,"height":175,"caption":"INSTITUTO DE CAPACITACI\u00d3N OTYXE SPA"},"image":{"@id":"https:\/\/otyxe.cl\/#\/schema\/logo\/image\/"}}]}},"_links":{"self":[{"href":"https:\/\/otyxe.cl\/index.php?rest_route=\/wp\/v2\/pages\/54"}],"collection":[{"href":"https:\/\/otyxe.cl\/index.php?rest_route=\/wp\/v2\/pages"}],"about":[{"href":"https:\/\/otyxe.cl\/index.php?rest_route=\/wp\/v2\/types\/page"}],"author":[{"embeddable":true,"href":"https:\/\/otyxe.cl\/index.php?rest_route=\/wp\/v2\/users\/2"}],"replies":[{"embeddable":true,"href":"https:\/\/otyxe.cl\/index.php?rest_route=%2Fwp%2Fv2%2Fcomments&post=54"}],"version-history":[{"count":13,"href":"https:\/\/otyxe.cl\/index.php?rest_route=\/wp\/v2\/pages\/54\/revisions"}],"predecessor-version":[{"id":2772,"href":"https:\/\/otyxe.cl\/index.php?rest_route=\/wp\/v2\/pages\/54\/revisions\/2772"}],"wp:attachment":[{"href":"https:\/\/otyxe.cl\/index.php?rest_route=%2Fwp%2Fv2%2Fmedia&parent=54"}],"curies":[{"name":"wp","href":"https:\/\/api.w.org\/{rel}","templated":true}]}}